{"id":97,"date":"2023-03-31T17:14:30","date_gmt":"2023-03-31T17:14:30","guid":{"rendered":"https:\/\/www.cambioenaccion.es\/?page_id=97"},"modified":"2023-04-03T00:26:51","modified_gmt":"2023-04-03T00:26:51","slug":"participacion-ciudadana","status":"publish","type":"page","link":"https:\/\/www.cambioenaccion.es\/index.php\/participacion-ciudadana\/","title":{"rendered":"Participaci\u00f3n ciudadana"},"content":{"rendered":"\n<p>-Regular la Iniciativa Municipal Popular, de modo que, a partir de la presentaci\u00f3n de un determinado n\u00famero o porcentaje de firmas de personas empadronadas en el municipio, el Ayuntamiento tenga la obligaci\u00f3n de incluir en el Orden del d\u00eda del Pleno Municipal la cuesti\u00f3n solicitada<\/p>\n\n\n\n<p><strong>&#8211;<\/strong>Acercar el Ayuntamiento a los barrios. Abrir oficinas de atenci\u00f3n al ciudadano en los distintos barrios para mejorar la participaci\u00f3n, cercan\u00eda y protecci\u00f3n de sus ciudadanos.&nbsp;<\/p>\n\n\n\n<p>-Fomentar el asociacionismo.&nbsp;<\/p>\n\n\n\n<p>-Descentralizaci\u00f3n de actividades por todo el municipio.&nbsp;<\/p>\n\n\n\n<p>-Las dependencias municipales (Casa de Cultura, Centro Social, Casa de la Juventud, etc.) deber\u00e1n estar disponibles de forma permanente para uso y disfrute de los ciudadanos, previa petici\u00f3n.<\/p>\n\n\n\n<p>-Los representantes elegidos nos mantendremos accesibles a las asociaciones, a sus representantes, y se atender\u00e1n sin cuando se trate de temas relacionados con las actividades que se realicen en los centros municipales, celebrando reuniones con las asociaciones para coordinar los usos, evitando que se solapen las actividades.&nbsp;<\/p>\n\n\n\n<p>-El Ayuntamiento estar\u00e1 presente cuando las asociaciones, o, colectivos realicen actividades programadas.<\/p>\n\n\n\n<p>-Las instalaciones puestas a disposici\u00f3n de las asociaciones y colectivos se encontrar\u00e1n con el funcionamiento de los medios audiovisuales de que disponen en perfecto estado.<\/p>\n","protected":false},"excerpt":{"rendered":"<p>-Regular la Iniciativa Municipal Popular, de modo que, a partir de la presentaci\u00f3n de un determinado n\u00famero o porcentaje de firmas de personas empadronadas en el municipio, el Ayuntamiento tenga la obligaci\u00f3n de incluir en el Orden del d\u00eda del &hellip; <a href=\"https:\/\/www.cambioenaccion.es\/index.php\/participacion-ciudadana\/\">Sigue leyendo <span class=\"meta-nav\">&rarr;<\/span><\/a><\/p>\n","protected":false},"author":1,"featured_media":0,"parent":0,"menu_order":0,"comment_status":"closed","ping_status":"closed","template":"","meta":{"footnotes":""},"class_list":["post-97","page","type-page","status-publish","hentry"],"_links":{"self":[{"href":"https:\/\/www.cambioenaccion.es\/index.php\/wp-json\/wp\/v2\/pages\/97","targetHints":{"allow":["GET"]}}],"collection":[{"href":"https:\/\/www.cambioenaccion.es\/index.php\/wp-json\/wp\/v2\/pages"}],"about":[{"href":"https:\/\/www.cambioenaccion.es\/index.php\/wp-json\/wp\/v2\/types\/page"}],"author":[{"embeddable":true,"href":"https:\/\/www.cambioenaccion.es\/index.php\/wp-json\/wp\/v2\/users\/1"}],"replies":[{"embeddable":true,"href":"https:\/\/www.cambioenaccion.es\/index.php\/wp-json\/wp\/v2\/comments?post=97"}],"version-history":[{"count":1,"href":"https:\/\/www.cambioenaccion.es\/index.php\/wp-json\/wp\/v2\/pages\/97\/revisions"}],"predecessor-version":[{"id":101,"href":"https:\/\/www.cambioenaccion.es\/index.php\/wp-json\/wp\/v2\/pages\/97\/revisions\/101"}],"wp:attachment":[{"href":"https:\/\/www.cambioenaccion.es\/index.php\/wp-json\/wp\/v2\/media?parent=97"}],"curies":[{"name":"wp","href":"https:\/\/api.w.org\/{rel}","templated":true}]}}