{"id":95,"date":"2023-03-31T17:38:47","date_gmt":"2023-03-31T17:38:47","guid":{"rendered":"https:\/\/www.cambioenaccion.es\/?page_id=95"},"modified":"2023-04-03T00:21:42","modified_gmt":"2023-04-03T00:21:42","slug":"barrio-de-la-cruz","status":"publish","type":"page","link":"https:\/\/www.cambioenaccion.es\/index.php\/barrio-de-la-cruz\/","title":{"rendered":"Barrio de La Cruz"},"content":{"rendered":"\n<p>-Arreglo y mantenimiento de la fuente<\/p>\n\n\n\n<p>-Instalaci\u00f3n de c\u00e1maras en la zona alta del barrio para evitar que se depositen residuos y basura en zonas como el mirador de los hiladores<\/p>\n\n\n\n<p>-M\u00e1s continuidad de la limpieza en la ladera de la sierra<\/p>\n\n\n\n<p>-Mediaci\u00f3n para resolver conflictos vecinales as\u00ed como la prevenci\u00f3n de los mismos&nbsp;<\/p>\n","protected":false},"excerpt":{"rendered":"<p>-Arreglo y mantenimiento de la fuente -Instalaci\u00f3n de c\u00e1maras en la zona alta del barrio para evitar que se depositen residuos y basura en zonas como el mirador de los hiladores -M\u00e1s continuidad de la limpieza en la ladera de &hellip; <a href=\"https:\/\/www.cambioenaccion.es\/index.php\/barrio-de-la-cruz\/\">Sigue leyendo <span class=\"meta-nav\">&rarr;<\/span><\/a><\/p>\n","protected":false},"author":1,"featured_media":0,"parent":0,"menu_order":0,"comment_status":"closed","ping_status":"closed","template":"","meta":{"footnotes":""},"class_list":["post-95","page","type-page","status-publish","hentry"],"_links":{"self":[{"href":"https:\/\/www.cambioenaccion.es\/index.php\/wp-json\/wp\/v2\/pages\/95","targetHints":{"allow":["GET"]}}],"collection":[{"href":"https:\/\/www.cambioenaccion.es\/index.php\/wp-json\/wp\/v2\/pages"}],"about":[{"href":"https:\/\/www.cambioenaccion.es\/index.php\/wp-json\/wp\/v2\/types\/page"}],"author":[{"embeddable":true,"href":"https:\/\/www.cambioenaccion.es\/index.php\/wp-json\/wp\/v2\/users\/1"}],"replies":[{"embeddable":true,"href":"https:\/\/www.cambioenaccion.es\/index.php\/wp-json\/wp\/v2\/comments?post=95"}],"version-history":[{"count":1,"href":"https:\/\/www.cambioenaccion.es\/index.php\/wp-json\/wp\/v2\/pages\/95\/revisions"}],"predecessor-version":[{"id":123,"href":"https:\/\/www.cambioenaccion.es\/index.php\/wp-json\/wp\/v2\/pages\/95\/revisions\/123"}],"wp:attachment":[{"href":"https:\/\/www.cambioenaccion.es\/index.php\/wp-json\/wp\/v2\/media?parent=95"}],"curies":[{"name":"wp","href":"https:\/\/api.w.org\/{rel}","templated":true}]}}