{"id":83,"date":"2023-03-31T17:19:20","date_gmt":"2023-03-31T17:19:20","guid":{"rendered":"https:\/\/www.cambioenaccion.es\/?page_id=83"},"modified":"2023-04-03T00:26:39","modified_gmt":"2023-04-03T00:26:39","slug":"migrante","status":"publish","type":"page","link":"https:\/\/www.cambioenaccion.es\/index.php\/migrante\/","title":{"rendered":"Migrante"},"content":{"rendered":"\n<p>-Facilitar la integraci\u00f3n social de las personas migrantes a trav\u00e9s, principalmente, de la ayuda del idioma, as\u00ed como, mostrarles las principales costumbres y sitios emblem\u00e1ticos de nuestra cultura.<\/p>\n\n\n\n<p>-Creaci\u00f3n de una concejal\u00eda de migraci\u00f3n e intercultural donde llevar a cabo variedad de propuestas como pueden ser charlas y jornadas de convivencia donde las distintas culturas existentes en nuestro municipio compartan experiencias y se sientan m\u00e1s cerca del mismo.<\/p>\n\n\n\n<p>-Organizar jornadas educativas de convivencia en interculturalidad a trav\u00e9s de actividades como juegos, competiciones, actividades deportivas, conciertos, teatros, proyecciones\u2026 en colaboraci\u00f3n con los centros educativos.<\/p>\n","protected":false},"excerpt":{"rendered":"<p>-Facilitar la integraci\u00f3n social de las personas migrantes a trav\u00e9s, principalmente, de la ayuda del idioma, as\u00ed como, mostrarles las principales costumbres y sitios emblem\u00e1ticos de nuestra cultura. -Creaci\u00f3n de una concejal\u00eda de migraci\u00f3n e intercultural donde llevar a cabo &hellip; <a href=\"https:\/\/www.cambioenaccion.es\/index.php\/migrante\/\">Sigue leyendo <span class=\"meta-nav\">&rarr;<\/span><\/a><\/p>\n","protected":false},"author":1,"featured_media":0,"parent":0,"menu_order":0,"comment_status":"closed","ping_status":"closed","template":"","meta":{"footnotes":""},"class_list":["post-83","page","type-page","status-publish","hentry"],"_links":{"self":[{"href":"https:\/\/www.cambioenaccion.es\/index.php\/wp-json\/wp\/v2\/pages\/83","targetHints":{"allow":["GET"]}}],"collection":[{"href":"https:\/\/www.cambioenaccion.es\/index.php\/wp-json\/wp\/v2\/pages"}],"about":[{"href":"https:\/\/www.cambioenaccion.es\/index.php\/wp-json\/wp\/v2\/types\/page"}],"author":[{"embeddable":true,"href":"https:\/\/www.cambioenaccion.es\/index.php\/wp-json\/wp\/v2\/users\/1"}],"replies":[{"embeddable":true,"href":"https:\/\/www.cambioenaccion.es\/index.php\/wp-json\/wp\/v2\/comments?post=83"}],"version-history":[{"count":1,"href":"https:\/\/www.cambioenaccion.es\/index.php\/wp-json\/wp\/v2\/pages\/83\/revisions"}],"predecessor-version":[{"id":107,"href":"https:\/\/www.cambioenaccion.es\/index.php\/wp-json\/wp\/v2\/pages\/83\/revisions\/107"}],"wp:attachment":[{"href":"https:\/\/www.cambioenaccion.es\/index.php\/wp-json\/wp\/v2\/media?parent=83"}],"curies":[{"name":"wp","href":"https:\/\/api.w.org\/{rel}","templated":true}]}}