{"id":78,"date":"2023-03-31T17:16:55","date_gmt":"2023-03-31T17:16:55","guid":{"rendered":"https:\/\/www.cambioenaccion.es\/?page_id=78"},"modified":"2023-04-03T00:22:30","modified_gmt":"2023-04-03T00:22:30","slug":"barrios-y-pedanias","status":"publish","type":"page","link":"https:\/\/www.cambioenaccion.es\/index.php\/barrios-y-pedanias\/","title":{"rendered":"Barrios y pedan\u00edas"},"content":{"rendered":"\n<p>-Creaci\u00f3n o reestructuraci\u00f3n de la sede para la polic\u00eda local, previo estudio de su ubicaci\u00f3n, distribuci\u00f3n y equipamiento.<\/p>\n\n\n\n<p>-Apostar por la formaci\u00f3n y especializaci\u00f3n de los agentes de forma gratuita y obligatoria. As\u00ed como modernizar y adecuar los medios materiales.<\/p>\n\n\n\n<p>-Garantizar una plantilla de Polic\u00eda Local suficiente para todo el t\u00e9rmino municipal.<\/p>\n\n\n\n<p>-Fomentar la utilizaci\u00f3n de las nuevas tecnolog\u00edas y plataformas que permiten la interacci\u00f3n directa de la ciudadan\u00eda, como Alertcops<\/p>\n\n\n\n<p>-Que la polic\u00eda y la guardia civil tengan una unidad espec\u00edfica para la seguridad ciudadana en estos barrios de la huerta, recuperando la URMA<\/p>\n\n\n\n<p>-Implantar una polic\u00eda de cercan\u00eda, de barrio, que patrullar\u00e1 a pie de calle para garantizar la seguridad de la localidad y de la huerta para mayor interacci\u00f3n de los agentes con sus vecinos.<\/p>\n\n\n\n<p>-Implantar medidas disuasorias&nbsp; con la mejora de la iluminaci\u00f3n y la instalaci\u00f3n de sistemas de video vigilancia en zonas conflictivas para prevenir y aumentar la percepci\u00f3n de seguridad ciudadana.<\/p>\n\n\n\n<p>-Llevar a cabo campa\u00f1as de sensibilizaci\u00f3n para la colaboraci\u00f3n de los vecinos\/as con nuestra polic\u00eda en todos los aspectos de la convivencia ciudadana y el cuidado del mobiliario y parque p\u00fablicos.<\/p>\n\n\n\n<p>-Potenciar las asociaciones de vecinos.<\/p>\n\n\n\n<p>-Dotaci\u00f3n de subvenciones econ\u00f3micas para realizar actividades.<\/p>\n\n\n\n<p>-Llevar a los barrios las actividades l\u00fadicas y culturales.<\/p>\n\n\n\n<p>-Erradicar los focos de basura, drogas y botellones.<\/p>\n\n\n\n<p>-Recuperar el estudio sobre las posibilidades tur\u00edsticas de nuestra ciudad.<\/p>\n\n\n\n<p>-Dotar a las calles de nuevo arbolado.<\/p>\n\n\n\n<p>-Eliminaci\u00f3n de la zona azul de la ciudad.<\/p>\n\n\n\n<p>-Mantener en perfecto estado los jardines de nuestra localidad, as\u00ed como los parques infantiles.<\/p>\n\n\n\n<p>-Facilitar el contacto de los barrios con el Ayuntamiento, especialmente los alejados del casco urbano.&nbsp;<\/p>\n\n\n\n<p>-Instalar fuentes urbanas de agua potable en los distintos parques del municipio donde cualquier vecino se pueda refrescar.<\/p>\n\n\n\n<p>-Crear una red de aseos p\u00fablicos.<\/p>\n\n\n\n<p>-Ampliaci\u00f3n de horarios y creaci\u00f3n de nuevos itinerarios del transporte p\u00fablico que conecten a zonas alejadas como puede ser la huerta, la nueva estaci\u00f3n de tren, o, el IES Santiago Grisol\u00eda.<\/p>\n","protected":false},"excerpt":{"rendered":"<p>-Creaci\u00f3n o reestructuraci\u00f3n de la sede para la polic\u00eda local, previo estudio de su ubicaci\u00f3n, distribuci\u00f3n y equipamiento. -Apostar por la formaci\u00f3n y especializaci\u00f3n de los agentes de forma gratuita y obligatoria. As\u00ed como modernizar y adecuar los medios materiales. &hellip; <a href=\"https:\/\/www.cambioenaccion.es\/index.php\/barrios-y-pedanias\/\">Sigue leyendo <span class=\"meta-nav\">&rarr;<\/span><\/a><\/p>\n","protected":false},"author":1,"featured_media":0,"parent":0,"menu_order":0,"comment_status":"closed","ping_status":"closed","template":"","meta":{"footnotes":""},"class_list":["post-78","page","type-page","status-publish","hentry"],"_links":{"self":[{"href":"https:\/\/www.cambioenaccion.es\/index.php\/wp-json\/wp\/v2\/pages\/78","targetHints":{"allow":["GET"]}}],"collection":[{"href":"https:\/\/www.cambioenaccion.es\/index.php\/wp-json\/wp\/v2\/pages"}],"about":[{"href":"https:\/\/www.cambioenaccion.es\/index.php\/wp-json\/wp\/v2\/types\/page"}],"author":[{"embeddable":true,"href":"https:\/\/www.cambioenaccion.es\/index.php\/wp-json\/wp\/v2\/users\/1"}],"replies":[{"embeddable":true,"href":"https:\/\/www.cambioenaccion.es\/index.php\/wp-json\/wp\/v2\/comments?post=78"}],"version-history":[{"count":1,"href":"https:\/\/www.cambioenaccion.es\/index.php\/wp-json\/wp\/v2\/pages\/78\/revisions"}],"predecessor-version":[{"id":103,"href":"https:\/\/www.cambioenaccion.es\/index.php\/wp-json\/wp\/v2\/pages\/78\/revisions\/103"}],"wp:attachment":[{"href":"https:\/\/www.cambioenaccion.es\/index.php\/wp-json\/wp\/v2\/media?parent=78"}],"curies":[{"name":"wp","href":"https:\/\/api.w.org\/{rel}","templated":true}]}}